{"id":3,"date":"2024-07-10T14:54:39","date_gmt":"2024-07-10T12:54:39","guid":{"rendered":"http:\/\/meteo974.fr\/?page_id=3"},"modified":"2024-07-13T16:10:11","modified_gmt":"2024-07-13T14:10:11","slug":"politique-de-confidentialite","status":"publish","type":"page","link":"https:\/\/meteo974.fr\/?page_id=3","title":{"rendered":"Politique de confidentialit\u00e9"},"content":{"rendered":"\t\t<div data-elementor-type=\"wp-page\" data-elementor-id=\"3\" class=\"elementor elementor-3\">\n\t\t\t\t<div class=\"elementor-element elementor-element-f5993aa e-flex e-con-boxed e-con e-parent\" data-id=\"f5993aa\" data-element_type=\"container\" data-e-type=\"container\">\n\t\t\t\t\t<div class=\"e-con-inner\">\n\t\t\t\t<div class=\"elementor-element elementor-element-dd8a2f1 elementor-widget elementor-widget-text-editor\" data-id=\"dd8a2f1\" data-element_type=\"widget\" data-e-type=\"widget\" data-widget_type=\"text-editor.default\">\n\t\t\t\t<div class=\"elementor-widget-container\">\n\t\t\t\t\t\t\t\t\t<p>Derni\u00e8re mise \u00e0 jour : 01\/07\/2024<\/p>\n<p>Chez <a href=\"http:\/\/www.m%C3%A9t%C3%A9o974.fr\" target=\"_new\" rel=\"noreferrer\">www.m\u00e9t\u00e9o974.fr<\/a>, nous nous engageons \u00e0 prot\u00e9ger la confidentialit\u00e9 de vos donn\u00e9es personnelles. Cette politique de confidentialit\u00e9 explique comment nous collectons, utilisons, stockons et prot\u00e9geons vos informations.<\/p>\n<h3>1. Informations que nous collectons<\/h3>\n<p>Nous collectons uniquement les informations n\u00e9cessaires pour le bon fonctionnement du site, telles que :<\/p>\n<ul>\n<li><strong>Donn\u00e9es de navigation<\/strong> : Nous recueillons des informations standard d&rsquo;utilisation Internet, y compris votre adresse IP, le type de navigateur, le fournisseur d&rsquo;acc\u00e8s Internet (FAI), les pages de renvoi\/de sortie, les fichiers consult\u00e9s sur notre site (p. ex. pages HTML, graphiques, etc.), le syst\u00e8me d&rsquo;exploitation, les donn\u00e9es de date\/heure et\/ou les donn\u00e9es de parcours de navigation pour analyser les tendances dans l&rsquo;ensemble et administrer le site.<\/li>\n<\/ul>\n<h3>2. Utilisation des informations<\/h3>\n<p>Les informations collect\u00e9es sont utilis\u00e9es pour :<\/p>\n<ul>\n<li>Am\u00e9liorer notre site et les services offerts.<\/li>\n<li>Analyser les tendances et administrer le site.<\/li>\n<li>Garantir la s\u00e9curit\u00e9 et la protection de notre site contre toute activit\u00e9 malveillante.<\/li>\n<\/ul>\n<h3>3. Cookies<\/h3>\n<p>Nous utilisons des cookies pour am\u00e9liorer l&rsquo;exp\u00e9rience utilisateur sur notre site. Les cookies sont de petits fichiers texte stock\u00e9s sur votre ordinateur qui nous aident \u00e0 analyser l&rsquo;utilisation du site. Nous utilisons les types de cookies suivants :<\/p>\n<ul>\n<li>\n<p><strong>Cookies essentiels<\/strong> : Ces cookies sont n\u00e9cessaires au bon fonctionnement du site. Ils ne peuvent pas \u00eatre d\u00e9sactiv\u00e9s dans nos syst\u00e8mes. Ils sont g\u00e9n\u00e9ralement d\u00e9finis en r\u00e9ponse \u00e0 des actions faites par vous qui correspondent \u00e0 une demande de services, comme la d\u00e9finition de vos pr\u00e9f\u00e9rences de confidentialit\u00e9, la connexion ou le remplissage de formulaires.<\/p>\n<\/li>\n<li>\n<p><strong>Cookies d&rsquo;analyse et de performance<\/strong> : Ces cookies nous permettent de compter les visites et les sources de trafic afin de mesurer et d&rsquo;am\u00e9liorer les performances de notre site. Toutes les informations collect\u00e9es par ces cookies sont agr\u00e9g\u00e9es et donc anonymes.<\/p>\n<\/li>\n<\/ul>\n<p>Les cookies d&rsquo;analyse sont conserv\u00e9s pendant une p\u00e9riode de 30 jours \u00e0 compter de leur placement. Vous pouvez modifier vos pr\u00e9f\u00e9rences en mati\u00e8re de cookies \u00e0 tout moment via les param\u00e8tres de votre navigateur ou notre [outil de gestion des cookies].<\/p>\n<h3>4. Partage des informations<\/h3>\n<p>Nous ne vendons, n\u2019\u00e9changeons ni ne louons vos informations personnelles \u00e0 des tiers. Nous pouvons partager des informations d\u00e9mographiques agr\u00e9g\u00e9es g\u00e9n\u00e9riques non li\u00e9es \u00e0 des informations personnelles identifiables avec nos partenaires commerciaux, affili\u00e9s de confiance et annonceurs aux fins d\u00e9crites ci-dessus.<\/p>\n<h3>5. S\u00e9curit\u00e9 des donn\u00e9es<\/h3>\n<p>Nous mettons en \u0153uvre des mesures de s\u00e9curit\u00e9 appropri\u00e9es pour prot\u00e9ger vos informations contre l&rsquo;acc\u00e8s non autoris\u00e9, la modification, la divulgation ou la destruction de vos donn\u00e9es personnelles.<\/p>\n<h3>6. Vos droits<\/h3>\n<p>En vertu du R\u00e8glement G\u00e9n\u00e9ral sur la Protection des Donn\u00e9es (RGPD), vous disposez de droits concernant vos donn\u00e9es personnelles :<\/p>\n<ul>\n<li><strong>Droit d&rsquo;acc\u00e8s<\/strong> : Vous avez le droit de demander une copie des informations que nous d\u00e9tenons sur vous.<\/li>\n<li><strong>Droit de rectification<\/strong> : Vous avez le droit de demander la correction de toute information inexacte ou incompl\u00e8te.<\/li>\n<li><strong>Droit \u00e0 l&rsquo;effacement<\/strong> : Vous avez le droit de demander la suppression de vos donn\u00e9es personnelles, sous r\u00e9serve de certaines conditions.<\/li>\n<li><strong>Droit de restriction du traitement<\/strong> : Vous avez le droit de demander que nous restreignions le traitement de vos donn\u00e9es personnelles.<\/li>\n<li><strong>Droit \u00e0 la portabilit\u00e9 des donn\u00e9es<\/strong> : Vous avez le droit de recevoir les donn\u00e9es que nous traitons sur la base de votre consentement dans un format structur\u00e9, couramment utilis\u00e9 et lisible par machine.<\/li>\n<li><strong>Droit d&rsquo;opposition<\/strong> : Vous avez le droit de vous opposer au traitement de vos donn\u00e9es personnelles dans certaines circonstances.<\/li>\n<\/ul>\n<h3>7. Contact<\/h3>\n<p>Pour toute question concernant cette politique de confidentialit\u00e9 ou pour exercer vos droits, veuillez nous contacter \u00e0 :<\/p>\n<ul>\n<li><strong>Email<\/strong> : [votre email]<\/li>\n<li><strong>Adresse postale<\/strong> : [votre adresse]<\/li>\n<\/ul>\n<p>Nous nous effor\u00e7ons de r\u00e9pondre \u00e0 toutes les demandes l\u00e9gitimes dans un d\u00e9lai d&rsquo;un mois. Si votre demande est particuli\u00e8rement complexe ou si vous avez fait plusieurs demandes, il se peut que nous mettions plus de temps \u00e0 r\u00e9pondre. Dans ce cas, nous vous en informerons et vous tiendrons au courant.<\/p>\n<h3>8. Modifications de la politique de confidentialit\u00e9<\/h3>\n<p>Nous pouvons mettre \u00e0 jour notre politique de confidentialit\u00e9 de temps \u00e0 autre. Nous vous notifierons de tout changement en publiant la nouvelle politique de confidentialit\u00e9 sur cette page. Nous vous encourageons \u00e0 consulter r\u00e9guli\u00e8rement cette politique pour rester inform\u00e9 des modifications.<\/p>\t\t\t\t\t\t\t\t<\/div>\n\t\t\t\t<\/div>\n\t\t\t\t\t<\/div>\n\t\t\t\t<\/div>\n\t\t\t\t<\/div>\n\t\t","protected":false},"excerpt":{"rendered":"<p>Derni\u00e8re mise \u00e0 jour : 01\/07\/2024 Chez www.m\u00e9t\u00e9o974.fr, nous nous engageons \u00e0 prot\u00e9ger la confidentialit\u00e9 de vos donn\u00e9es personnelles. Cette politique de confidentialit\u00e9 explique comment nous collectons, utilisons, stockons et prot\u00e9geons vos informations. 1. Informations que nous collectons Nous collectons uniquement les informations n\u00e9cessaires pour le bon fonctionnement du site, telles que : Donn\u00e9es de [&hellip;]<\/p>\n","protected":false},"author":1,"featured_media":0,"parent":0,"menu_order":0,"comment_status":"closed","ping_status":"open","template":"","meta":{"site-sidebar-layout":"default","site-content-layout":"","ast-site-content-layout":"","site-content-style":"default","site-sidebar-style":"default","ast-global-header-display":"","ast-banner-title-visibility":"","ast-main-header-display":"","ast-hfb-above-header-display":"","ast-hfb-below-header-display":"","ast-hfb-mobile-header-display":"","site-post-title":"","ast-breadcrumbs-content":"","ast-featured-img":"","footer-sml-layout":"","theme-transparent-header-meta":"","adv-header-id-meta":"","stick-header-meta":"","header-above-stick-meta":"","header-main-stick-meta":"","header-below-stick-meta":"","astra-migrate-meta-layouts":"default","ast-page-background-enabled":"default","ast-page-background-meta":{"desktop":{"background-color":"var(--ast-global-color-4)","background-image":"","background-repeat":"repeat","background-position":"center center","background-size":"auto","background-attachment":"scroll","background-type":"","background-media":"","overlay-type":"","overlay-color":"","overlay-opacity":"","overlay-gradient":""},"tablet":{"background-color":"","background-image":"","background-repeat":"repeat","background-position":"center center","background-size":"auto","background-attachment":"scroll","background-type":"","background-media":"","overlay-type":"","overlay-color":"","overlay-opacity":"","overlay-gradient":""},"mobile":{"background-color":"","background-image":"","background-repeat":"repeat","background-position":"center center","background-size":"auto","background-attachment":"scroll","background-type":"","background-media":"","overlay-type":"","overlay-color":"","overlay-opacity":"","overlay-gradient":""}},"ast-content-background-meta":{"desktop":{"background-color":"var(--ast-global-color-5)","background-image":"","background-repeat":"repeat","background-position":"center center","background-size":"auto","background-attachment":"scroll","background-type":"","background-media":"","overlay-type":"","overlay-color":"","overlay-opacity":"","overlay-gradient":""},"tablet":{"background-color":"var(--ast-global-color-5)","background-image":"","background-repeat":"repeat","background-position":"center center","background-size":"auto","background-attachment":"scroll","background-type":"","background-media":"","overlay-type":"","overlay-color":"","overlay-opacity":"","overlay-gradient":""},"mobile":{"background-color":"var(--ast-global-color-5)","background-image":"","background-repeat":"repeat","background-position":"center center","background-size":"auto","background-attachment":"scroll","background-type":"","background-media":"","overlay-type":"","overlay-color":"","overlay-opacity":"","overlay-gradient":""}},"footnotes":""},"class_list":["post-3","page","type-page","status-publish","hentry"],"yoast_head":"<!-- This site is optimized with the Yoast SEO plugin v27.5 - https:\/\/yoast.com\/product\/yoast-seo-wordpress\/ -->\n<title>Politique de confidentialit\u00e9 - M\u00e9t\u00e9o974<\/title>\n<meta name=\"robots\" content=\"index, follow, max-snippet:-1, max-image-preview:large, max-video-preview:-1\" \/>\n<link rel=\"canonical\" href=\"https:\/\/meteo974.fr\/?page_id=3\" \/>\n<meta property=\"og:locale\" content=\"fr_FR\" \/>\n<meta property=\"og:type\" content=\"article\" \/>\n<meta property=\"og:title\" content=\"Politique de confidentialit\u00e9 - M\u00e9t\u00e9o974\" \/>\n<meta property=\"og:description\" content=\"Derni\u00e8re mise \u00e0 jour : 01\/07\/2024 Chez www.m\u00e9t\u00e9o974.fr, nous nous engageons \u00e0 prot\u00e9ger la confidentialit\u00e9 de vos donn\u00e9es personnelles. Cette politique de confidentialit\u00e9 explique comment nous collectons, utilisons, stockons et prot\u00e9geons vos informations. 1. Informations que nous collectons Nous collectons uniquement les informations n\u00e9cessaires pour le bon fonctionnement du site, telles que : Donn\u00e9es de [&hellip;]\" \/>\n<meta property=\"og:url\" content=\"https:\/\/meteo974.fr\/?page_id=3\" \/>\n<meta property=\"og:site_name\" content=\"M\u00e9t\u00e9o974\" \/>\n<meta property=\"article:modified_time\" content=\"2024-07-13T14:10:11+00:00\" \/>\n<meta name=\"twitter:card\" content=\"summary_large_image\" \/>\n<meta name=\"twitter:label1\" content=\"Dur\u00e9e de lecture estim\u00e9e\" \/>\n\t<meta name=\"twitter:data1\" content=\"4 minutes\" \/>\n<script type=\"application\/ld+json\" class=\"yoast-schema-graph\">{\"@context\":\"https:\\\/\\\/schema.org\",\"@graph\":[{\"@type\":\"WebPage\",\"@id\":\"https:\\\/\\\/meteo974.fr\\\/?page_id=3\",\"url\":\"https:\\\/\\\/meteo974.fr\\\/?page_id=3\",\"name\":\"Politique de confidentialit\u00e9 - M\u00e9t\u00e9o974\",\"isPartOf\":{\"@id\":\"http:\\\/\\\/meteo974.fr\\\/#website\"},\"datePublished\":\"2024-07-10T12:54:39+00:00\",\"dateModified\":\"2024-07-13T14:10:11+00:00\",\"breadcrumb\":{\"@id\":\"https:\\\/\\\/meteo974.fr\\\/?page_id=3#breadcrumb\"},\"inLanguage\":\"fr-FR\",\"potentialAction\":[{\"@type\":\"ReadAction\",\"target\":[\"https:\\\/\\\/meteo974.fr\\\/?page_id=3\"]}]},{\"@type\":\"BreadcrumbList\",\"@id\":\"https:\\\/\\\/meteo974.fr\\\/?page_id=3#breadcrumb\",\"itemListElement\":[{\"@type\":\"ListItem\",\"position\":1,\"name\":\"Accueil\",\"item\":\"http:\\\/\\\/meteo974.fr\\\/\"},{\"@type\":\"ListItem\",\"position\":2,\"name\":\"Politique de confidentialit\u00e9\"}]},{\"@type\":\"WebSite\",\"@id\":\"http:\\\/\\\/meteo974.fr\\\/#website\",\"url\":\"http:\\\/\\\/meteo974.fr\\\/\",\"name\":\"M\u00e9t\u00e9o974\",\"description\":\"Pr\u00e9voir, prot\u00e9ger, pr\u00e9server\",\"publisher\":{\"@id\":\"http:\\\/\\\/meteo974.fr\\\/#organization\"},\"potentialAction\":[{\"@type\":\"SearchAction\",\"target\":{\"@type\":\"EntryPoint\",\"urlTemplate\":\"http:\\\/\\\/meteo974.fr\\\/?s={search_term_string}\"},\"query-input\":{\"@type\":\"PropertyValueSpecification\",\"valueRequired\":true,\"valueName\":\"search_term_string\"}}],\"inLanguage\":\"fr-FR\"},{\"@type\":\"Organization\",\"@id\":\"http:\\\/\\\/meteo974.fr\\\/#organization\",\"name\":\"M\u00e9t\u00e9o974\",\"url\":\"http:\\\/\\\/meteo974.fr\\\/\",\"logo\":{\"@type\":\"ImageObject\",\"inLanguage\":\"fr-FR\",\"@id\":\"http:\\\/\\\/meteo974.fr\\\/#\\\/schema\\\/logo\\\/image\\\/\",\"url\":\"https:\\\/\\\/meteo974.fr\\\/wp-content\\\/uploads\\\/2024\\\/08\\\/logo-Horizontal-blanc-scaled.png\",\"contentUrl\":\"https:\\\/\\\/meteo974.fr\\\/wp-content\\\/uploads\\\/2024\\\/08\\\/logo-Horizontal-blanc-scaled.png\",\"width\":2560,\"height\":1172,\"caption\":\"M\u00e9t\u00e9o974\"},\"image\":{\"@id\":\"http:\\\/\\\/meteo974.fr\\\/#\\\/schema\\\/logo\\\/image\\\/\"}}]}<\/script>\n<!-- \/ Yoast SEO plugin. -->","yoast_head_json":{"title":"Politique de confidentialit\u00e9 - M\u00e9t\u00e9o974","robots":{"index":"index","follow":"follow","max-snippet":"max-snippet:-1","max-image-preview":"max-image-preview:large","max-video-preview":"max-video-preview:-1"},"canonical":"https:\/\/meteo974.fr\/?page_id=3","og_locale":"fr_FR","og_type":"article","og_title":"Politique de confidentialit\u00e9 - M\u00e9t\u00e9o974","og_description":"Derni\u00e8re mise \u00e0 jour : 01\/07\/2024 Chez www.m\u00e9t\u00e9o974.fr, nous nous engageons \u00e0 prot\u00e9ger la confidentialit\u00e9 de vos donn\u00e9es personnelles. Cette politique de confidentialit\u00e9 explique comment nous collectons, utilisons, stockons et prot\u00e9geons vos informations. 1. Informations que nous collectons Nous collectons uniquement les informations n\u00e9cessaires pour le bon fonctionnement du site, telles que : Donn\u00e9es de [&hellip;]","og_url":"https:\/\/meteo974.fr\/?page_id=3","og_site_name":"M\u00e9t\u00e9o974","article_modified_time":"2024-07-13T14:10:11+00:00","twitter_card":"summary_large_image","twitter_misc":{"Dur\u00e9e de lecture estim\u00e9e":"4 minutes"},"schema":{"@context":"https:\/\/schema.org","@graph":[{"@type":"WebPage","@id":"https:\/\/meteo974.fr\/?page_id=3","url":"https:\/\/meteo974.fr\/?page_id=3","name":"Politique de confidentialit\u00e9 - M\u00e9t\u00e9o974","isPartOf":{"@id":"http:\/\/meteo974.fr\/#website"},"datePublished":"2024-07-10T12:54:39+00:00","dateModified":"2024-07-13T14:10:11+00:00","breadcrumb":{"@id":"https:\/\/meteo974.fr\/?page_id=3#breadcrumb"},"inLanguage":"fr-FR","potentialAction":[{"@type":"ReadAction","target":["https:\/\/meteo974.fr\/?page_id=3"]}]},{"@type":"BreadcrumbList","@id":"https:\/\/meteo974.fr\/?page_id=3#breadcrumb","itemListElement":[{"@type":"ListItem","position":1,"name":"Accueil","item":"http:\/\/meteo974.fr\/"},{"@type":"ListItem","position":2,"name":"Politique de confidentialit\u00e9"}]},{"@type":"WebSite","@id":"http:\/\/meteo974.fr\/#website","url":"http:\/\/meteo974.fr\/","name":"M\u00e9t\u00e9o974","description":"Pr\u00e9voir, prot\u00e9ger, pr\u00e9server","publisher":{"@id":"http:\/\/meteo974.fr\/#organization"},"potentialAction":[{"@type":"SearchAction","target":{"@type":"EntryPoint","urlTemplate":"http:\/\/meteo974.fr\/?s={search_term_string}"},"query-input":{"@type":"PropertyValueSpecification","valueRequired":true,"valueName":"search_term_string"}}],"inLanguage":"fr-FR"},{"@type":"Organization","@id":"http:\/\/meteo974.fr\/#organization","name":"M\u00e9t\u00e9o974","url":"http:\/\/meteo974.fr\/","logo":{"@type":"ImageObject","inLanguage":"fr-FR","@id":"http:\/\/meteo974.fr\/#\/schema\/logo\/image\/","url":"https:\/\/meteo974.fr\/wp-content\/uploads\/2024\/08\/logo-Horizontal-blanc-scaled.png","contentUrl":"https:\/\/meteo974.fr\/wp-content\/uploads\/2024\/08\/logo-Horizontal-blanc-scaled.png","width":2560,"height":1172,"caption":"M\u00e9t\u00e9o974"},"image":{"@id":"http:\/\/meteo974.fr\/#\/schema\/logo\/image\/"}}]}},"_links":{"self":[{"href":"https:\/\/meteo974.fr\/index.php?rest_route=\/wp\/v2\/pages\/3","targetHints":{"allow":["GET"]}}],"collection":[{"href":"https:\/\/meteo974.fr\/index.php?rest_route=\/wp\/v2\/pages"}],"about":[{"href":"https:\/\/meteo974.fr\/index.php?rest_route=\/wp\/v2\/types\/page"}],"author":[{"embeddable":true,"href":"https:\/\/meteo974.fr\/index.php?rest_route=\/wp\/v2\/users\/1"}],"replies":[{"embeddable":true,"href":"https:\/\/meteo974.fr\/index.php?rest_route=%2Fwp%2Fv2%2Fcomments&post=3"}],"version-history":[{"count":3,"href":"https:\/\/meteo974.fr\/index.php?rest_route=\/wp\/v2\/pages\/3\/revisions"}],"predecessor-version":[{"id":281,"href":"https:\/\/meteo974.fr\/index.php?rest_route=\/wp\/v2\/pages\/3\/revisions\/281"}],"wp:attachment":[{"href":"https:\/\/meteo974.fr\/index.php?rest_route=%2Fwp%2Fv2%2Fmedia&parent=3"}],"curies":[{"name":"wp","href":"https:\/\/api.w.org\/{rel}","templated":true}]}}